uppose b - 3*f + 7 = -x*f, -4*b + 20 = -4*f. Let g(v) = 16*v**2 + v - 1. Is g(b) a composite number?
True
Let t(r) = -11*r**3 - 2*r**2 - 3*r + 5. Is t(-3) composite?
False
Let w = 3111 - -376. Is w prime?
False
Let v = 90 + -55. Is v composite?
True
Let g = -4 + 6. Suppose 2*l - 72 = -c + 21, g*c = l + 176. Is c composite?
False
Suppose 2*b - 5*s - 384 = -0*s, 0 = -2*b + s + 376. Is b a composite number?
True
Is (-4)/(80/(-28))*155 composite?
True
Let u(x) = x - 6. Let t be u(4). Is (t - 345)*(-1)/1 a prime number?
True
Let c = 27 - -26. Is c a prime number?
True
Let k = 1457 - 540. Is k a composite number?
True
Suppose 8*k - 1477 = k. Is k a prime number?
True
Let t(w) = -35*w - 6. Is t(-5) a composite number?
True
Suppose -6*m + 10*m = 240. Suppose -6*l + 2*l = -m. Is l a prime number?
False
Let t(a) be the second derivative of a**4/12 + 4*a**3/3 + 3*a**2/2 + 3*a. Is t(-8) composite?
False
Let c(r) = -4*r + 2. Let s be c(2). Let g = s + 3. Is (-109)/g - (-12)/18 a composite number?
False
Let h(a) = 3*a**2 - 2*a - 5. Let z(d) = d**2 - 10*d + 10. Let w be z(8). Is h(w) prime?
False
Let v(p) be the third derivative of 11*p**5/60 + p**4/8 + 2*p**3 - 6*p**2. Is v(5) composite?
True
Let s(k) = -k + 2 + 8*k - k + 3*k**2. Let g be (-345)/39 + 2/(-13). Is s(g) a prime number?
True
Suppose -4*i + 3*t - 136 = 0, -23 = 5*i + 4*t + 147. Let g = 123 + i. Is g composite?
False
Let f(m) = 3*m**3 + 3*m**2 + 15*m + 9. Let v(c) = 4*c**3 + 4*c**2 + 16*c + 8. Let k(w) = 5*f(w) - 4*v(w). Is k(-6) composite?
False
Is (-4395)/(-45)*(2 - -1) a prime number?
True
Let z(t) = t. Let f(k) = 3*k + 5. Let d(s) = -f(s) + 2*z(s). Let m be d(-7). Is (-2)/((-1)/(13/m)) prime?
True
Suppose -4*z - 5*k + 44 + 28 = 0, -3*k = -5*z + 53. Is z composite?
False
Is 2 - -265 - -1 - 5 a prime number?
True
Suppose -b + 3*n = 48 - 256, 0 = -5*b + 2*n + 1053. Is b a prime number?
True
Is 2/(-11) + 6225/55 composite?
False
Let w = 15 - 21. Is (0 - -2)/(w/(-1311)) a prime number?
False
Let t = 1033 + -660. Is t prime?
True
Let l(r) = -68*r + 10. Let q be l(6). Is (q/6)/((-1)/3) prime?
True
Suppose d = v, -d = -0*v + 3*v - 12. Suppose -12 = -7*g + v*g. Suppose 495 = 2*z + g*z - 5*q, -2*z - 4*q + 186 = 0. Is z a composite number?
False
Let f = 8 + -11. Is (-1)/(f/444*2) a prime number?
False
Suppose 219 + 243 = 6*i. Is i a composite number?
True
Let i = 5 + -3. Suppose -i*d + 201 = d. Is d a prime number?
True
Let q = 81 + -33. Suppose -x + q = 13. Is x a composite number?
True
Suppose 3*o - 2*o = 187. Is o a composite number?
True
Is 2/(-4) + 6832/32 composite?
True
Suppose 2*o - 98 = -5*y, o + 0*y - 2*y = 58. Suppose -23 = -m + o. Is m composite?
True
Suppose -4 = l - 2*m, l + 0*m + 2 = m. Let s(c) = -c + 2. Let o be s(l). Suppose -o*f + 308 = 2*f. Is f prime?
False
Let n be (-1)/(-3)*(9 + -9). Suppose n*m = 3*m - 231. Is m prime?
False
Suppose 3*j = 0, z = 4*z - 3*j - 114. Is z a prime number?
False
Suppose 4*v + 9 - 1 = 0. Let h(y) = -3*y**3 + 4*y + 3. Is h(v) a composite number?
False
Let c be (-3)/(-4) + (-99)/36. Is (-529)/((2 + 0)/c) prime?
False
Suppose -6*t + 2084 - 98 = 0. Is t a composite number?
False
Suppose -4*z + 112 + 3340 = 0. Is z a composite number?
False
Is (1671/12)/((-9)/(-4) - 2) prime?
True
Let u(s) = 95*s - 9. Is u(8) composite?
False
Suppose 0 = 2*o - 5*z - 81, o - 43 = 4*z + z. Let g = o - 19. Is g a prime number?
True
Is (-1)/5 + 30282/35 a composite number?
True
Let f = 778 + -459. Is f composite?
True
Let g(c) = -c**2 + 4*c. Let l be 0 + 3 - (3 + -3). Let d be g(l). Suppose 3*z - 12 = -0*z, 256 = 2*a - d*z. Is a composite?
True
Let t = -11 - -27. Suppose -34 - t = -2*k. Suppose -3*l + 88 - k = 0. Is l composite?
True
Let q(c) = -c**3 + 2*c**2 - 6*c + 1. Let a(m) = m**3 - m**2 + 6*m. Let j(r) = -5*a(r) - 6*q(r). Let h be j(6). Is (4/6)/(h/(-801)) composite?
False
Let s(o) = -o. Let r be s(5). Let t = r - -5. Suppose -2*x - 5*y - 41 + 199 = 0, t = -5*y. Is x prime?
True
Suppose -3*m = -6*m + 633. Is m prime?
True
Suppose -4*q + 9 = -q. Is (19/(-2))/(q/(-6)) a prime number?
True
Suppose 16 = -4*l, 4*i + l + 3*l = 76. Is i a composite number?
False
Suppose 5094 - 17657 = -17*v. Is v composite?
False
Suppose -2*d + 3*d - t = -2, -d - 4*t + 3 = 0. Is d + 1/((-1)/(-24)) a composite number?
False
Suppose -2 = -k - 2*x - 7, 0 = k + x + 2. Let n(l) = 2*l - k - 2*l**3 + l**3 + 7*l**2 + 2*l**3 + 2*l. Is n(-4) prime?
True
Suppose -3*g = -g - 12. Let z = 2 - g. Is ((-10)/(-15))/(z/(-762)) a composite number?
False
Let o(a) = a**3 - 4*a**2 - 7*a - 6. Let z be o(8). Suppose 4*t + z = 2*g, 3*g = -2*g - 5*t + 515. Let i = -12 + g. Is i composite?
False
Suppose h - 5 = 6*h. Is (h + -2 + 2)*-191 prime?
True
Let d(y) = -y**3 + 7*y**2 + 9*y - 10. Let q be d(8). Is (q - -3)*(-2 - -73) prime?
True
Suppose 4*f + 15 = -1. Let t be (-22)/(-4) + 2/f. Suppose t*v = 8*v - 1113. Is v prime?
False
Suppose 0 = 2*k - 5 - 3. Suppose -i - 4*b = -b - 21, k*b = -2*i + 32. Let z = i - -27. Is z composite?
True
Suppose 427 = 5*y - 3*l, 2*l + 336 = 4*y + l. Suppose 3 - y = t - 2*x, -3*x + 246 = -3*t. Is t/(-9) - 4/(-6) prime?
False
Let w be 332/14 - 12/(-42). Is 13/(2*4/w) a composite number?
True
Suppose 0 = 2*v - 4 - 0. Suppose v*n + 5 = 15. Let k(l) = l**2 - 4*l + 2. Is k(n) a prime number?
True
Let h(j) = -j**3 - 5*j**2 + 6*j + 1. Let z be h(-6). Let p be 207 + z + (-1 - 0). Suppose 0 = -3*k + 2*o + p, -k = -4*o - 50 - 19. Is k prime?
False
Suppose a + 183 = 4*s, s - 26 = a + 19. Is s a composite number?
True
Suppose 0 = -o + 3*n + 79 + 69, 0 = o + 5*n - 108. Is o composite?
True
Let d be (-3)/(2511/834 - 3). Let n = d - -389. Is n composite?
True
Let v(s) = -80*s - 1. Is v(-9) a prime number?
True
Suppose 0 = -2*p - 30 + 6. Let i(h) = -h - 6. Let u be i(p). Let c(y) = 13*y + 1. Is c(u) a composite number?
False
Suppose 0 = -f - 5, -f + 1 = -3*k - 15. Let v = -4 - k. Is v a prime number?
True
Let j(w) = -5*w**3 + w**2 + 3*w**2 - 5*w**2 - 3*w - 2*w**3 + 2. Is j(-3) a composite number?
False
Let w be ((-2)/(-3) - 1)*-18. Is (-586)/(-10) - w/(-15) a composite number?
False
Let k(d) = d**3 + 6*d**2 - 2*d - 1. Suppose -3*g - 15 = -8*g. Suppose -g*j = 3*s + j + 18, 2*s - 2*j = -12. Is k(s) a composite number?
False
Let l be (((-231)/(-1))/3)/(-1). Let x = 66 - l. Is x a prime number?
False
Suppose -5*s + 221 = -134. Let a = 23 + 13. Let v = s - a. Is v a prime number?
False
Let z(n) = -231*n - 40. Is z(-9) a composite number?
False
Let n be (-4)/(-8) - 21/(-2). Let f(j) = 2*j**2 - 13*j - 11. Let b be f(n). Suppose -2*u + 3*m + 31 = 0, -5*u + 2*m + b = 27. Is u composite?
False
Let s(v) = 2*v**3 - 4*v**2 - v - 1. Let x be s(4). Let r = x + -6. Is r prime?
True
Let b(k) = 3*k - 1. Let z be b(1). Suppose 5*n - 10 = -4*d, d + 5*n + 3 + z = 0. Suppose -m + d*m = 56. Is m a prime number?
False
Let f(y) = 29*y - 3. Let a = 6 - 4. Suppose 4*s - a = 6. Is f(s) a composite number?
True
Let k(y) = 2*y**2 + 2*y + 1. Let c be k(-2). Suppose -4*n + 37 = c*v, 5*n - 29 = -v - 9. Let p = 43 + n. Is p a prime number?
False
Suppose -5*d + 2*n - 1086 = -3775, 3*n + 6 = 0. Is d prime?
False
Suppose 0 = -5*p - y + 196 + 6608, -5*p + y + 6806 = 0. Is p composite?
False
Let h(y) = -y**3 - 2*y**2 + 4*y - 2. Let t be h(3). Let d = t - -120. Is d prime?
False
Let h be (-3)/2*(-24)/18. Suppose h*c - 4 = -0*c. Suppose 4*w - 3*b - 187 = 0, c*w - 7*w + 233 = -4*b. Is w composite?
True
Suppose 3*z = -3*f - f + 460, -z = -2*f + 230. Is f composite?
True
Let q(s) be the first derivative of 9*s**2/2 + s + 5. Is q(6) a prime number?
False
Let q(l) = 77*l**2. Let b be q(1). Suppose -g = -2*g + b. Is g composite?
True
Let q(v) = v**2 - 4*v - 1. Let s be q(4). Let g be (s - -1)*3/(-6). Suppose 5*l + g*l = 175. Is l composite?
True
Let s be 0 - 0/((-2)/2). Suppose -v = 4*v - 350. Suppose s = -3*n + 68 + v. Is n a composite number?
True
Suppose o + r - 19 = 0, -r + 2 = r. Let d = o - 8. Is d prime?
False
Let m(o) = -o**2 + 4*o. Let g be m(4). Suppose g = -5*i - 71 + 816. Is i prime?
True
Suppose -26 = 2*x + 54. Let d = x - -58. Suppose -d = -3*v + 3. Is v a prime number?
True
Let d(m) = 13*m**2 + m - 7. Let b(n) = -6*n**2 + 3. Let h(w) = -5*b(w) - 2*d(w). Let j be h(-1). Suppose -a - 220 = -j*a. Is a prime?
False
Let s(q) = 11*q**3 - 7*q**2